 Is z(5) prime?
True
Is (2130/9 + 8)*78/4 a composite number?
True
Suppose -2*a - 4728 = -10*a. Let g = a + 230. Is g a composite number?
False
Let o(a) = a**3 + 5*a**2 - 5*a + 8. Let g be o(-6). Suppose -g*k + 3*k = 213. Is 6/(-3) - (0 - k) a composite number?
False
Is (-20301 - -18)*7/(-3) a composite number?
True
Let s(z) = 4*z**3 + 19*z**2 - 21*z + 8. Let r be s(17). Suppose 0 = 2*t - 5*v - 9899, t + 3*v = -4*t + r. Is t prime?
True
Suppose -2378 = 234*y - 236*y. Is y prime?
False
Let a = 3172 + -1959. Is a prime?
True
Let d = 910 + -590. Let b be (-22)/(-99) - (-817)/9. Let t = b + d. Is t prime?
False
Is 68*141 - (-4 - (-4 - 1)) composite?
False
Let a(y) = -y**3 + 21*y**2 + 15*y - 25. Let s be a(10). Let u = s + 28. Is u prime?
False
Let u(j) = 3*j + 0*j - 4*j - 17 + 8*j. Is u(12) a prime number?
True
Let u(f) = -3*f + 4. Let j be u(-8). Let l = 26 - j. Is l/((-1)/(1988/8)) prime?
False
Let n(b) be the third derivative of -2*b**2 + 0*b + 49/6*b**3 + 0 + 1/24*b**4. Is n(0) a composite number?
True
Suppose s + 22098 + 21804 = 3*z, -5*z + 73190 = 5*s. Is z a prime number?
False
Let j = -24 + 14. Let g = 14 + j. Suppose -3*d + 2*y - g*y = -1287, -1290 = -3*d - y. Is d composite?
False
Suppose -8 = -k - 6. Suppose -2*w + x = 5*x - 18, -k*w + 6 = x. Is (-2 + (41 - 2))*w composite?
False
Let i(q) = 42*q**2 + 3*q + 5. Let j be i(5). Is ((-4)/2)/((-4)/j) prime?
False
Suppose 2*h - 4*u = -2 - 0, 0 = 3*h - 2*u - 9. Suppose 3*c - 602 = -h*v + 93, -3*v = c - 417. Is v a prime number?
True
Is 14764 + 0 - (-22 + 45)/(-23) prime?
False
Suppose 3*u - 10 = -1, -2*a - 2*u + 81800 = 0. Is a composite?
False
Let m(n) = -20*n**3 + 3*n**2 - 2. Let a be m(-2). Suppose -l - 4*x + a = -159, 3*l - 987 = 2*x. Is l a prime number?
False
Suppose -s + 2 = 4, v - 8253 = -5*s. Is v a prime number?
True
Suppose -l - 26127 = -10*l. Is l prime?
True
Let x = 27254 - 18987. Is x prime?
False
Let g = 662 + 27. Is g prime?
False
Let y(c) = 37*c**2 + 6*c + 2. Let d be -1*(-4 - 12/(-4) - 2). Is y(d) a prime number?
True
Suppose -799 + 2570 = 7*l. Is l a prime number?
False
Let c = -53922 + 77839. Is c prime?
True
Suppose 2*m = -9*q + 5*q, -2*q - 2*m - 4 = 0. Suppose q*j - 1471 = 7063. Is j composite?
True
Suppose 3*n + 1774 = 5257. Let q = -412 + n. Is q prime?
False
Let l(q) = 1 - 7 - 5 - 4*q + 2*q**2. Suppose 0 = 5*c - 0*t + 5*t - 25, -t = 1. Is l(c) composite?
False
Suppose 3 + 7 = 2*q, 3*s - 34988 = 5*q. Is s prime?
False
Suppose w - 33 = 354. Let u = -94 + w. Is u a composite number?
False
Let n(l) = 31*l**2 + 4*l - 5. Let u(t) = 2*t**2 + t + 1. Let a be u(-1). Is n(a) a composite number?
False
Let j(z) = 3*z**2 + 10*z - 9. Let o be j(-13). Let r = o - 219. Is r a prime number?
True
Let a be 66/(-16) + (-3)/(-24). Is a/6*1*1116/(-8) a prime number?
False
Let o be 92/2*(-3)/6. Let b = o - -17. Is (-261)/b*56/12 a composite number?
True
Let m be 117 - (-2*12)/(-6). Suppose w + 55 = o, 4*w + 5*o + 162 = -85. Let r = m + w. Is r a composite number?
True
Let s(u) = -81*u - 5. Let n be s(3). Let r = 429 + n. Suppose 3*b - b = -3*y + 95, 4*b = -3*y + r. Is b composite?
False
Let g = 4410 - -5434. Suppose 15*t - g - 17861 = 0. Is t composite?
False
Let b(w) = 2*w**2 - 3*w - 1. Let z be b(-1). Suppose -2*s + 6381 = -5*c, -4*s + c + z*c + 12787 = 0. Is s a prime number?
True
Suppose 45436 = -98*t + 147062. Is t a composite number?
True
Suppose a + 0*a = -0*a. Suppose a = -5*x - 5*p + 12600, 0 = -3*x + 8*p - 4*p + 7553. Is x composite?
True
Let w be (-12)/(-5) + (42/(-35))/3. Suppose -w*q + 2*n = 3*q - 3377, 2043 = 3*q + 3*n. Is q a composite number?
False
Suppose 3*p - 11502 = 3*q, 102*q - 11500 = -3*p + 103*q. Is p prime?
True
Let x = 28 + -25. Let j be 17 + -9*(-1)/x. Suppose -5*b + j = -45. Is b a prime number?
True
Let h(c) = 402*c - 1. Let t be 6*(-3)/(-6) - -3. Let b be ((-2)/5)/(t/(-15)). Is h(b) prime?
True
Let j = 9024 + -257. Is j a prime number?
False
Suppose 37*c - 8 = 35*c. Suppose -4*v - c*n = -1596 - 1340, -4*n + 2199 = 3*v. Is v prime?
False
Let x(u) = 6*u**3 + 15*u**2 + 10*u. Let t = -18 + 25. Is x(t) a prime number?
False
Let z be (-25)/(-5 + 10)*-113. Suppose -z = -5*q + 3*t + 169, -5*q + 4*t + 737 = 0. Is q composite?
True
Suppose -172 = -4*h + 84. Let k(l) = 13*l + h*l**2 + 1 - 14*l + 583*l**2. Is k(1) a composite number?
False
Suppose -4*j + 20 = -4*y, 2*y = j - 6*j + 18. Let h be 60/9*18/j. Is (-4 - 1)*(-444)/h composite?
True
Suppose 0 = 5*c + 18 + 32. Let t(a) = 13*a**2 + 19*a + 1. Is t(c) composite?
True
Let p(t) = -t**3 + 15*t**2 - 11*t - 61. Is p(13) a composite number?
True
Suppose 12 = -5*i + 8*i. Suppose -i*d + m = -8, 0*m + 8 = 4*d - 3*m. Suppose 0 = u - d*u + 177. Is u composite?
True
Suppose 1222 = -9*d + 4804. Is d composite?
True
Suppose -2*v = v + 4*d - 3449, 4*v + 5*d = 4599. Is v a prime number?
True
Suppose 6 = -11*n + 12*n. Let z(v) = -53*v + 19. Let b(y) = -26*y + 9. Let s(p) = n*z(p) - 13*b(p). Is s(2) a composite number?
False
Suppose -102*s = -88*s - 55118. Is s a prime number?
False
Is 2 - (-5 + 4) - -7636 a prime number?
True
Suppose 3*y - 33734 = 3*v - 135071, -2*y = 7*v - 236453. Is v composite?
True
Let t(z) = -2*z + 702. Let g be t(0). Suppose 0 = -3*o - g + 2031. Is o prime?
True
Let l = 1 + -1. Let w(j) be the first derivative of j**4/4 - j**3/3 + 83*j - 39. Is w(l) prime?
True
Let t(s) = -s**3 - 16*s**2 - 20*s + 98. Is t(-27) a composite number?
True
Let a(b) = b**3 - 9*b**2 + 4*b + 9. Let d(t) = 2*t**3 - 18*t**2 + 9*t + 18. Let k(i) = -5*a(i) + 2*d(i). Is k(6) a composite number?
True
Suppose -817412 = -4*i + 6*u, 3*i + 2*u = 3*u + 613059. Is i prime?
True
Let l = -110 + 111. Is (l - 272/4)*-1 composite?
False
Suppose -7*r = 2*r - 36. Suppose -537 = -r*f + 3*f. Is f composite?
True
Let c(s) = -63*s - 49. Let k(v) = 9*v + 5. Let o be k(-3). Is c(o) a prime number?
False
Suppose -3*g - 3241 = -10639. Let y = g + -1349. Is y a composite number?
False
Let m(i) = -i**3 - i + 37. Let s be (-52)/7 + 3/7. Let y = s + 7. Is m(y) a prime number?
True
Let s = 271 + -238. Is s prime?
False
Let i = -1172 + -41. Let c be (-2)/6 - (1052200/(-30))/(-20). Let a = i - c. Is a a composite number?
False
Let k(p) = -3 - 1 - 4 + p + 4. Let m be k(4). Suppose -q + 3*q - 74 = m. Is q a prime number?
True
Suppose 0 = 10*j - 7*j - 34143. Is j a composite number?
True
Let u(i) = 3*i - 3*i + 0*i**2 + 3 + i**2 - 4*i. Let x be u(3). Suppose -v = 2*h + h - 49, -2*h = x. Is v composite?
True
Suppose 5*f = -m + 39 - 197, -3*m - 514 = 5*f. Let u = m + 413. Is u composite?
True
Let b(u) = u**2 + 101*u + 137. Is b(27) composite?
False
Let a(w) = w**2 + 3*w - 10. Let m(l) = l**2 + 4*l - 11. Let f(p) = 6*a(p) - 5*m(p). Let u(b) = -b**2 - 2*b + 4. Let v be u(-4). Is f(v) a composite number?
False
Suppose -12 = t + 2*h, 4*h + 0 = 3*t - 4. Let j = 35 - t. Is j a prime number?
False
Suppose 2*a = -r + 3663, 2*r = -5*a + 3350 + 3975. Is r a prime number?
False
Let k be (1 + -2)/(1 - 2). Let l(s) = s**2 - 22. Let c be l(8). Is (-4)/(-12)*k*c prime?
False
Let c = 35 - 41. Let q(v) = -v**3 - 3*v**2 + 1. Is q(c) a prime number?
True
Let d(z) = 5 + 2*z + z**2 - 17*z**2 + 109*z**2 - 8*z. Is d(4) a composite number?
True
Let r be (458/2)/((5 + 2)/(-147)). Let d = r - -9520. Is d prime?
False
Is ((-20)/(1840/(-163599)))/(6/88) composite?
True
Suppose 3*b + 5*j = 29916, b - 3793 = j + 6187. Is b a prime number?
False
Let h = -8 + 8. Suppose q + 2*q - 15 = h. Let i(x) = 30*x - 5. Is i(q) composite?
True
Let a = 37 + -34. Suppose a*w - r = 323, -15 = -r + 4*r. Is w prime?
False
Suppose -14*s + 11*s - 5*g + 3 = 0, -s + 8 = 4*g. Suppose -5*j + 3*x = 19, 0*j - 8 = -2*j - 4*x. Is (-293)/(-8)*j*s prime?
True
Is (-9887 + 19)*6/(-8) a prime number?
False
Suppose -6*w + 42636 - 6822 = 0. Is w a prime number?
False
Let h = -294 + 331. Is h prime?
True
Let b(c) = 33*c**3 - 15*c**2 + 2*c + 1. Let r(d) = 11*d**3 - 5*d**2 + d. Let i(w) = -6*b(w) + 17*r(w). Is i(-5) composite?
True
Suppose -3*j + 11*k + 59749 = 9*k, 4*j - 79642 = -2*k. Is j a composite number?
False
Let k(x) = -587*x - 9. Is k(-2) a composite number?
True
Is -5 - 1/(8/(-45888)) composite?
True
Let u(w) = 40*w**2 - 17*w - 17. Let h be u(8). Suppose -5*l = 3*k - h, -3*l + 789 = k - 4*l. Is k composite?
True
Suppose 5*y - y - 5